c be b(4). What is the greatest common factor of 120 and c?
5
Suppose 2*x - 2674 = 4*z, 4*x = 3*z + 63 + 5275. What is the greatest common factor of x and 43?
43
Suppose -55*q = -110*q + 4125. What is the highest common factor of 240 and q?
15
Suppose -20 = -2*g + 20. Suppose 2*j - 3*r = -1, 0 = -5*j - 2*r - 23 + 49. What is the greatest common divisor of g and j?
4
Let u(c) = 209*c + 187. Let v be u(6). What is the highest common divisor of 11 and v?
11
Let m(s) = -s**2 + 27*s + 91. Let l be m(26). Calculate the highest common divisor of l and 13.
13
Let o = 625 - 140. What is the greatest common divisor of 5 and o?
5
Let c be 3/((-72)/(-366)) + 2/(-8). What is the greatest common divisor of 345 and c?
15
Let u(j) = -43*j + 12. Let q be u(-6). What is the highest common factor of q and 162?
54
Suppose -84672 = -128*o + 72*o. What is the highest common divisor of o and 28?
28
Let p = -59 + 86. Suppose -x = p - 97. Calculate the highest common factor of x and 10.
10
Let v(k) = -k + 1. Let n(x) = x**2 - 5*x - 8. Let g(p) = n(p) + 5*v(p). Let o be g(11). Let j be 1*4/10*200. What is the highest common divisor of j and o?
8
Suppose 28*v - z = 32*v - 91, 0 = 2*v + 4*z - 28. What is the greatest common divisor of 32 and v?
8
Let b(o) = -o**2 - 28*o - 42. Let y be b(-24). What is the greatest common factor of 864 and y?
54
Let a = -55 - -94. Suppose 5*v - 146 = -81. Calculate the highest common factor of a and v.
13
Suppose -4*n + 46 + 181 = -5*p, -2*n + 3*p + 113 = 0. Let q(b) = 21*b + 3. Let v be q(4). What is the greatest common factor of v and n?
29
Let b = -93 - -94. Let n(s) = -s**3 - 7*s**2 - 8*s - 8. Let v be n(-6). Calculate the greatest common divisor of b and v.
1
Suppose 0 = 4*s - 376 + 16. What is the highest common divisor of s and 54?
18
Suppose -2*p = -4*p + 2*g + 3622, -g - 7250 = -4*p. Calculate the highest common divisor of p and 49.
49
Let m(x) = x**2 - 4*x + 34. Let w be m(0). Suppose -w = -5*p - 14. Let z be (-15 - -17)*10/p. What is the greatest common divisor of z and 35?
5
Let k = -7 - -10. Let t = k + 1. Suppose 3*c - 16 = -2*m, -5*c - t*m + 6 + 18 = 0. What is the highest common divisor of 12 and c?
4
Suppose -2*v = -p - 269, -7*v + 2*p + 133 = -6*v. What is the highest common divisor of v and 5?
5
Let x = 34 - 30. Suppose -3*t - 220 = -x*m, 0 = -2*m + 3*t - 0*t + 110. Calculate the greatest common factor of m and 22.
11
Let a = 6 - 5. Suppose -9 = d - 3. Let g be 2/d*(-44 - a). Calculate the highest common factor of 45 and g.
15
Let d = 12 + 1. Let k be 0 + 4/(-14) - (-975)/105. Let b(i) = 2*i**2 - 9*i - 16. Let o be b(k). What is the greatest common divisor of o and d?
13
Suppose 282*z - 283*z = -9. What is the highest common divisor of z and 4?
1
Let x be 4 + ((-4)/2*-2 - 8). Suppose x = -u + 2 - 4, 4*n - 3*u - 414 = 0. What is the highest common factor of 34 and n?
34
Let j be 2/8 - ((-4281)/12 + 2). What is the greatest common divisor of j and 71?
71
Suppose 330 = 12*j - 246. What is the greatest common divisor of 2 and j?
2
Let g = 346 - 319. Calculate the highest common divisor of 27 and g.
27
Let u = 66 - 53. Suppose 0 = u*z - 15*z + 8. What is the highest common factor of 8 and z?
4
Let j be 491/(-6) - (-26)/(-156). Let v be 852/18*(-2 + -1). Let s = j - v. What is the highest common divisor of 12 and s?
12
Let s be (-2 - -2)/(-3 - -1). Let o(m) = 3*m + 70*m**2 - 2*m - 71*m**2 + 104. Let v be o(s). Calculate the highest common divisor of v and 13.
13
Let z be (-84)/10*-1*4600/690. What is the greatest common factor of z and 42?
14
Let f be 1184/18 + 20/90. Calculate the greatest common divisor of 110 and f.
22
Let b be (-36)/(7 - ((-9550)/135)/(-10)). Calculate the highest common divisor of 54 and b.
54
Suppose -68 = 2*m - 3*m. Let i = -40 - -74. What is the highest common divisor of i and m?
34
Suppose -22 = 5*b + 8. Let t be 644/35 - b/10. Let m = t - -5. What is the greatest common factor of m and 120?
24
Let a(j) = -j + 6. Suppose 4*p + 1 - 13 = 0. Let b be a(p). Suppose 87 = b*z + 2*q, 5*q - 93 = -3*z + q. Calculate the greatest common divisor of z and 81.
27
Let z(u) = u**2 - u + 12. Let t be z(6). Let o be (0 - -2 - 24)/(-1). Let h = o - 8. Calculate the highest common divisor of t and h.
14
Let c = 303 + -216. Suppose 5*f - 2*z - 73 = 0, 0 = 3*f - 5*z - c + 28. Calculate the highest common divisor of 169 and f.
13
Let a be 13*(-2)/4*-2. Let r(l) = 76*l - 101*l + 1 - 32 + 57*l. Let k be r(3). What is the highest common divisor of a and k?
13
Suppose -4*g = 4*y + 8, -g - 4*g - 6 = 3*y. Suppose g = -22*o + 18*o + 24. Calculate the highest common divisor of 6 and o.
6
Let a(x) = -x**3 + 27*x**2 - 26*x + 35. Let w be a(26). What is the greatest common divisor of 140 and w?
35
Let q(h) = h**2 - 12*h + 26. Suppose 6*k = 4*k + 22. Let p be q(k). What is the greatest common divisor of p and 10?
5
Let z be ((-7)/2)/7*(-21648)/12. What is the highest common divisor of z and 44?
22
Let x = -459 + 524. Calculate the highest common factor of 39 and x.
13
Let v(i) = 19*i + 8. Let g be v(16). Calculate the greatest common divisor of g and 16.
8
Let n be -1*(-2)/(2/41). Suppose z - 19*p = 372, -10*p + 9*p - 2048 = -5*z. Calculate the highest common factor of n and z.
41
Let b(l) = 44*l + l**2 - 18 - 44*l. Let f be b(-6). What is the greatest common factor of 45 and f?
9
Let p be 8/18 + 13944/216. What is the highest common divisor of 26 and p?
13
Let t(g) = g**2 - 7*g + 9. Let m be t(6). Suppose -3*p - 23 = m*o - o, -2*o = 8. Let k be 3*(380/(-6))/p. Calculate the greatest common factor of k and 95.
19
Let r be 1*((0 - 0) + 8). Let u be (9/(-18))/(1/(-20)). Suppose -2*c - o = -3*o - u, 5*c + 3*o = 49. Calculate the highest common divisor of r and c.
8
Suppose 3*y + 15 = 2*x, 2*x - 4 - 5 = y. Let w be 220/6*(1 + x/15). Calculate the highest common factor of w and 110.
22
Let x(k) = 24*k**2 + 9*k + 8. Let y be x(-1). Calculate the highest common divisor of y and 115.
23
Suppose 2*i - 6*i = -36. Suppose 0 = i*n - 6*n + 6. Let c be (-36)/n - (10 - 12). What is the highest common factor of c and 100?
20
Let y(j) = -j**2 - 5*j. Let n be y(-4). Suppose 6 = -b + 2*k, -7*k + 8*k = -3*b + 17. Calculate the greatest common factor of n and b.
4
Suppose -3*j + 34*j = 6479. Calculate the greatest common factor of j and 77.
11
Let w = -104 + 181. Let h be (0 - -275)/(-5)*2/(-10). Calculate the highest common divisor of h and w.
11
Let i be 106/10 - (-4)/10. Suppose -3744 = 2*q - 3832. Calculate the highest common divisor of i and q.
11
Suppose 2*n + 2*n - 129 = -3*o, 2*n - 2*o - 82 = 0. Suppose -286 + 75 - 5 = -8*i. Calculate the greatest common factor of i and n.
9
Let f(j) = j + 19. Let a be f(-13). Let z be a/(-33) + 4/(44/1289). Calculate the highest common factor of z and 13.
13
Let b be ((-28)/(-12) - 2) + (-128)/(-3). Calculate the greatest common divisor of b and 989.
43
Suppose -6*i - 325 = -5*r - 2*i, 0 = 3*r - i - 188. Let p = r - 60. Calculate the greatest common factor of p and 7.
1
Let j = -41 - -137. What is the greatest common factor of j and 144?
48
Suppose 16731 = 4*u + 7*u. Calculate the highest common factor of u and 9.
9
Suppose 5 = -u, -5*x + 2*u + 33 = -12. Suppose d + 2*i = x, -3*i - 2*i = -4*d + 2. Let p be (-1)/(-1)*117/d. What is the greatest common factor of p and 26?
13
Let t(f) = 7*f - 12. Let z be t(6). Let j be 20/z + (-56)/(-6). Calculate the highest common factor of 2 and j.
2
Suppose 0 = -41*l + 2114 + 756. Calculate the highest common divisor of 21 and l.
7
Let n = 477 - 676. Let g = -139 - n. Let i = -42 + g. What is the greatest common divisor of 126 and i?
18
Suppose 0 = -l - 0*l + 17. Let y = 28 - l. Let x be (-2)/y - 884/(-22). What is the greatest common divisor of 10 and x?
10
Suppose 0 = g - 5 - 13. Suppose -111 = 5*h - 2*h. Let u = -25 - h. What is the highest common divisor of u and g?
6
Suppose -2*w + 155 = -1. What is the greatest common factor of w and 12?
6
Let l = -216 - -233. What is the highest common divisor of l and 119?
17
Let y = -865 - -872. Calculate the highest common divisor of y and 28.
7
Let b = 103 + -58. What is the greatest common factor of b and 18?
9
Let f(u) = -3*u**3 - 4*u**2 + 9*u + 20. Let y be f(-5). Calculate the highest common factor of y and 10.
10
Let j be 3